 of 16620320?
False
Does 42 divide 538094550?
True
Is 496040195 a multiple of 119?
True
Is 9 a factor of 29129733?
True
Is 29965509 a multiple of 1713?
True
Is 196 a factor of 12256076?
True
Is 91461055 a multiple of 242?
False
Is 6 a factor of 348202?
False
Is 473 a factor of 22091890?
False
Does 90 divide 716315?
False
Is 1808976 a multiple of 2?
True
Does 108 divide 70418700?
True
Does 493 divide 73481119?
False
Is 16 a factor of 740261916?
False
Does 50 divide 719646150?
True
Is 851 a factor of 60295903?
True
Is 35 a factor of 125058325?
True
Is 170 a factor of 1013451384?
False
Does 151 divide 332804?
True
Is 4897667 a multiple of 1085?
False
Is 1668 a factor of 755989308?
True
Is 19154800 a multiple of 19?
False
Does 150 divide 54556800?
True
Is 1361909955 a multiple of 156?
False
Is 6 a factor of 1840074?
True
Is 17 a factor of 1747745282?
True
Does 1496 divide 855473124?
False
Is 24109152 a multiple of 184?
True
Is 2 a factor of 174094686?
True
Is 723189 a multiple of 38?
False
Is 174 a factor of 296066162?
False
Is 611 a factor of 2227715225?
False
Does 86 divide 2897254?
True
Is 214747934 a multiple of 43?
True
Does 919 divide 435497174?
False
Is 3229590 a multiple of 1014?
True
Does 488 divide 9738836?
False
Is 3734649 a multiple of 62?
False
Is 12 a factor of 31930418?
False
Is 64817750 a multiple of 25?
True
Is 18 a factor of 1474454265?
False
Is 240 a factor of 9895920?
True
Is 11489864 a multiple of 148?
False
Is 1307626337 a multiple of 1121?
False
Does 285 divide 201656537?
False
Is 14 a factor of 138242930?
True
Does 29 divide 30610819?
False
Is 105 a factor of 26463798?
False
Is 124453392 a multiple of 3786?
True
Is 3 a factor of 60898209?
True
Is 17130477 a multiple of 879?
False
Is 22 a factor of 102525082?
True
Is 243 a factor of 31543101?
True
Is 860779332 a multiple of 129?
True
Does 2060 divide 128912740?
True
Is 32 a factor of 587583232?
True
Does 313 divide 100777549?
True
Does 55 divide 327100213?
False
Does 815 divide 702912235?
True
Is 349 a factor of 795309925?
True
Is 49 a factor of 67179539?
True
Is 34920377 a multiple of 160?
False
Is 527 a factor of 1903065510?
True
Is 2943021918 a multiple of 116?
False
Is 104205939 a multiple of 2446?
False
Is 14 a factor of 320465840?
False
Is 2475743616 a multiple of 1424?
True
Is 244414379 a multiple of 1719?
False
Is 18 a factor of 601839753?
False
Is 2499177465 a multiple of 4356?
False
Does 1881 divide 113597355?
False
Is 11980816 a multiple of 142?
False
Is 171059196 a multiple of 636?
True
Does 222 divide 41833902?
True
Is 84 a factor of 158924052?
True
Is 187252917 a multiple of 155?
False
Does 193 divide 189766285?
True
Is 402679981 a multiple of 466?
False
Is 51214014 a multiple of 234?
False
Does 16 divide 70662704?
True
Is 190 a factor of 85829270?
True
Is 2 a factor of 6747170?
True
Is 1376 a factor of 22468846?
False
Does 1136 divide 86951712?
True
Is 278871144 a multiple of 3493?
False
Is 134605290 a multiple of 19?
False
Does 1803 divide 9821410?
False
Is 25 a factor of 26329650?
True
Is 687026762 a multiple of 22?
False
Is 677 a factor of 27987348?
False
Is 2737732934 a multiple of 37?
True
Does 43 divide 13817112?
False
Is 1666971 a multiple of 27?
False
Does 51 divide 486066695?
False
Does 79 divide 89774099?
True
Is 267 a factor of 35689796?
False
Is 18262881 a multiple of 169?
False
Is 31725232 a multiple of 20?
False
Is 324709 a multiple of 11?
True
Is 300 a factor of 679548492?
False
Is 432 a factor of 80444?
False
Is 853 a factor of 688744795?
False
Is 179 a factor of 2976102137?
False
Does 14 divide 44567369?
False
Is 10 a factor of 651176809?
False
Is 3 a factor of 33516120?
True
Is 16258698 a multiple of 17?
True
Is 480 a factor of 779593440?
True
Is 202522709 a multiple of 78?
False
Does 4073 divide 1776987838?
False
Does 40 divide 673862?
False
Is 96462796 a multiple of 1709?
True
Does 118 divide 63848743?
False
Does 688 divide 35447136?
True
Does 91 divide 1087569028?
True
Is 161769303 a multiple of 53?
True
Does 42 divide 1913390052?
True
Is 3182704 a multiple of 181?
True
Does 172 divide 356248636?
True
Is 2673241020 a multiple of 1572?
True
Is 137670979 a multiple of 19?
True
Is 1069059673 a multiple of 17?
False
Is 36074724 a multiple of 406?
True
Is 5238558 a multiple of 234?
True
Does 36 divide 80467736?
False
Is 1471 a factor of 1066475?
True
Is 14 a factor of 184484792?
False
Is 1597860936 a multiple of 114?
True
Is 82104648 a multiple of 548?
True
Is 14 a factor of 383679559?
False
Is 5034 a factor of 825040629?
False
Is 691390344 a multiple of 1208?
True
Does 2 divide 21549516?
True
Does 8 divide 281326528?
True
Is 44700786 a multiple of 3189?
False
Is 67975600 a multiple of 244?
False
Is 38857569 a multiple of 72?
False
Does 887 divide 268763661?
True
Is 26751117 a multiple of 16?
False
Is 1029624263 a multiple of 2001?
False
Is 7680423 a multiple of 167?
False
Is 843220860 a multiple of 2895?
True
Is 26 a factor of 762737742?
True
Is 22 a factor of 79932424?
True
Is 96 a factor of 3981855648?
True
Is 8982416 a multiple of 466?
False
Is 544707446 a multiple of 19?
False
Does 149 divide 126490272?
True
Is 497102403 a multiple of 17?
False
Is 116325485 a multiple of 39?
False
Is 366180243 a multiple of 381?
True
Is 26 a factor of 73321118?
True
Does 362 divide 375996149?
False
Is 16 a factor of 65007454?
False
Is 1563654384 a multiple of 12?
True
Is 3757077594 a multiple of 81?
True
Is 199519651 a multiple of 59?
True
Is 330 a factor of 1415301?
False
Is 3805 a factor of 855561860?
True
Does 21 divide 1580470277?
False
Is 3388035 a multiple of 15?
True
Does 4 divide 78190131?
False
Is 91937256 a multiple of 1352?
False
Does 287 divide 1548171562?
True
Is 2904741546 a multiple of 366?
False
Is 48731723 a multiple of 537?
False
Is 5766 a factor of 510019259?
False
Is 259 a factor of 7844526606?
False
Is 1729264212 a multiple of 1530?
False
Does 1479 divide 2232568248?
True
Is 168807756 a multiple of 901?
True
Does 20 divide 844049140?
True
Does 10 divide 219536630?
True
Does 2822 divide 2364678762?
False
Is 8 a factor of 280961760?
True
Is 3 a factor of 46391970?
True
Does 3 divide 128417097?
True
Is 41 a factor of 1083046160?
True
Does 35 divide 147518225?
False
Does 10 divide 140064530?
True
Is 113457 a multiple of 6?
False
Is 122 a factor of 2335389392?
True
Does 10 divide 284951480?
True
Does 2629 divide 131505209?
True
Is 178733214 a multiple of 18?
True
Does 64 divide 65914605?
False
Is 18905733 a multiple of 1776?
False
Is 40 a factor of 627077840?
True
Is 39 a factor of 1159015?
False
Does 3 divide 422335401?
True
Is 27097580 a multiple of 922?
True
Is 247 a factor of 746344881?
False
Does 11 divide 65634968?
False
Does 7 divide 1626072?
True
Is 183280314 a multiple of 518?
True
Is 20808970 a multiple of 13?
True
Is 74290700 a multiple of 13?
False
Is 17834880 a multiple of 896?
True
Is 8282526154 a multiple of 98?
True
Does 26 divide 236362412?
True
Does 21 divide 5987167704?
True
Is 5 a factor of 872709656?
False
Is 26528625 a multiple of 45?
True
Is 4 a factor of 3341116?
True
Is 17586915 a multiple of 5?
True
Is 108 a factor of 104940792?
True
Is 12 a factor of 767081388?
True
Is 130 a factor of 50322220?
True
Does 8 divide 7742377?
False
Is 746087478 a multiple of 2546?
True
Is 14 a factor of 28235494?
True
Does 165 divide 243375?
True
Does 643 divide 1826997631?
False
Does 8 divide 1187752?
True
Does 859 divide 27949168?
False
Does 86 divide 1072391448?
True
Does 7 divide 23840838?
True
Does 1774 divide 3893930?
True
Is 128963676 a multiple of 1284?
True
Is 73125525 a multiple of 1761?
True
Is 2140 a factor of 1555696981?
False
Does 3054 divide 10417194?
True
Does 3 divide 21282942?
True
Is 425 a factor of 412884950?
True
Is 1029 a factor of 45877965?
True
Is 1872 a factor of 51559333?
False
Does 24 divide 604372704?
True
Is 88970371 a multiple of 184?
False
Does 25 divide 33384300?
True
Is 991125996 a multiple of 1132?
True
Does 224 divide 203965440?
True
Is 21420815 a multiple of 26?
False
Does 353 divide 3924654?
True
Is 759 a factor of 28754997?
False
Does 8 divide 5973613?
False
Is 6763596 a multiple of 348?
False
Is 79148384 a multiple of 224?
True
Does 223 divide 6396555653?
False
Is 570375846 a multiple of 82?